lculate z(3).
0
Let h(r) = 16*r + 36. Calculate h(-13).
-172
Let d(a) = a**2 - 6*a + 3. Determine d(5).
-2
Let x(j) = 18*j - 17. Determine x(3).
37
Let t(w) = -2*w + 19. Give t(-7).
33
Let m(c) = -c**2 + 5*c + 5. Give m(5).
5
Let u(d) = -10*d + 57. Give u(15).
-93
Let q(d) = 5*d + 16. Give q(-15).
-59
Let r(v) = 3*v - 11. What is r(6)?
7
Let i(q) = -q**3 + 7*q**2 + q - 10. Determine i(7).
-3
Let t(o) = -o**3 + o + 2. Determine t(2).
-4
Let w(b) = b**3 + 13*b**2 + 49*b + 128. What is w(-9)?
11
Let n(d) = 2*d**2 + 33*d + 23. Give n(-14).
-47
Let r(k) = -k**2 + 10*k + 61. Determine r(14).
5
Let n(m) = 5*m**3 - 2*m**2. Calculate n(2).
32
Let m(q) = q**3 + 14*q**2 - 13*q + 4. What is m(-15)?
-26
Let v(x) = -x**2 + 3*x + 1. What is v(-4)?
-27
Let u(l) = 10*l - 61. Give u(7).
9
Let r(i) = -3*i**3 - 8*i**2 - 10*i - 1. Determine r(-3).
38
Let j(q) = -10*q + 11. Give j(1).
1
Let s(d) = 3*d**2 - 6*d - 2. What is s(3)?
7
Let g(w) = -w**3 - 4*w**2 - 10*w - 21. Give g(-3).
0
Let v(i) = i**3 - 24*i**2 + 2*i - 45. Give v(24).
3
Let b(h) = 2*h**2 - 8*h - 2. Give b(6).
22
Let t(n) = n**2 + 19*n - 13. Calculate t(-20).
7
Let j(r) = -r**3 + 2*r**2 + 3. Determine j(3).
-6
Let m(r) = -7*r + 25. Determine m(6).
-17
Let z(k) = 3*k**2 - 100*k + 13. Give z(33).
-20
Let k(m) = -4*m - 10. What is k(-7)?
18
Let m(x) = -x**3 - 12*x**2 + 130*x + 17. Calculate m(7).
-4
Let r(z) = -2*z + 25. Give r(11).
3
Let m(g) = -2*g**3 - 30*g**2 - 6*g - 21. What is m(-15)?
69
Let p(t) = 2*t**2 + 2*t. Determine p(2).
12
Let m(w) = w**3 + 6*w**2 - 3*w - 13. Calculate m(-6).
5
Let r(h) = h**2 - 2*h + 11. Calculate r(0).
11
Let f(i) = 2*i**2 + 6*i + 19. Calculate f(8).
195
Let c(l) = -l**3 + l**2 - l - 37. Calculate c(0).
-37
Let a(f) = -f**2 + 32*f - 213. Determine a(23).
-6
Let b(u) = u**3 - 8*u**2 - 2*u - 19. Give b(8).
-35
Let u(q) = -3*q - 50. Calculate u(-20).
10
Let l(s) = s**3 + 3*s**2 - 3*s - 3. Determine l(-4).
-7
Let u(n) = -6*n - 20. What is u(-6)?
16
Let i(s) = s**3 - 11*s**2 - 2*s + 25. Give i(11).
3
Let m(b) = -b**3 - 3*b**2 + 13*b + 9. Give m(-5).
-6
Let w(h) = -h**3 + 6. Determine w(0).
6
Let p(b) = 7*b + 377. Calculate p(-50).
27
Let q(z) = -19*z + 131. What is q(8)?
-21
Let h(k) = -4*k - 16. Determine h(-6).
8
Let z(w) = -w**3 - w**2 + 8*w - 26. Give z(0).
-26
Let b(i) = -i**3 + 8*i**2 - 1. Give b(8).
-1
Let t(c) = -2*c**3 - 18*c**2 + 2*c + 17. Give t(-9).
-1
Let g(m) = 7*m + 17. Give g(-3).
-4
Let x(m) = -m + 3. What is x(0)?
3
Let s(b) = 3*b - 9. Give s(-8).
-33
Let x(v) = -v**3 + 18*v**2 + 16*v + 28. Determine x(19).
-29
Let u(p) = p**2 - 3*p + 4. Determine u(3).
4
Let a(y) = -y**3 - 11*y**2 + 9*y - 23. Determine a(-12).
13
Let p(t) = -t**3 + 13*t**2 - 15*t + 3. Determine p(12).
-33
Let h(o) = -5*o - 27. What is h(-7)?
8
Let f(y) = 10*y + 8. Determine f(-1).
-2
Let m(o) = -16*o + 71. Calculate m(7).
-41
Let h(o) = 4*o**2 - 2*o + 1. Determine h(2).
13
Let k(j) = -2*j**2 - 17*j + 5. What is k(-12)?
-79
Let l(g) = 6*g**2 - 1. Calculate l(1).
5
Let v(m) = -9*m + 265. Calculate v(30).
-5
Let z(c) = 10*c. Calculate z(-5).
-50
Let o(h) = h**3 + 4*h**2 - 44*h + 3. What is o(-9)?
-6
Let c(j) = -2*j - 21. Determine c(-12).
3
Let p(j) = j**3 - j**2 + j - 15. Calculate p(0).
-15
Let s(r) = r**3 - r**2 - 1. Give s(0).
-1
Let c(l) = 60*l - 3. Give c(-1).
-63
Let q(z) = -6*z + 9. Calculate q(-3).
27
Let f(z) = -z**3 + 31*z**2 - 2*z + 53. Calculate f(31).
-9
Let n(x) = 2*x - 1. What is n(-1)?
-3
Let f(i) = -3*i**2 - 85*i - 70. Determine f(-28).
-42
Let r(b) = b**3 - 22*b**2 + 39*b + 14. Determine r(20).
-6
Let g(n) = 2*n**3 - n**2 + n - 2. What is g(2)?
12
Let o(p) = -22*p + 436. Determine o(20).
-4
Let w(l) = l + 1. Calculate w(-7).
-6
Let w(v) = v**3 + v - 111. Give w(0).
-111
Let b(r) = 10*r**2 + 8*r + 3. Determine b(-1).
5
Let x(n) = n**3 + 5*n**2 - 1. Calculate x(-6).
-37
Let b(x) = -x**2 + 9*x + 17. Calculate b(10).
7
Let p(l) = l**3 - 7*l**2 + 6*l - 2. Calculate p(2).
-10
Let p(t) = 4*t - 64. Give p(15).
-4
Let t(y) = -24*y - 101. Calculate t(-6).
43
Let y(s) = -s + 6. Calculate y(-9).
15
Let x(n) = -8*n - 144. Give x(-20).
16
Let j(m) = m**2 + 10*m + 12. Give j(-8).
-4
Let m(q) = q**2 + 5*q - 17. What is m(3)?
7
Let i(c) = 13*c**2 + 3*c - 3. What is i(2)?
55
Let n(m) = m**3 - 4*m**2 - 8*m + 3. What is n(5)?
-12
Let v(z) = z**2 + 9*z + 6. Calculate v(-6).
-12
Let c(m) = m**2 - 13*m. Give c(6).
-42
Let l(x) = -3*x - 24. What is l(-8)?
0
Let c(y) = -5*y**2 - 19*y + 22. Determine c(-5).
-8
Let y(o) = -8*o - 3. What is y(-1)?
5
Let k(o) = 11*o**3 - 2*o**2 - 13*o - 11. Give k(-1).
-11
Let b(o) = o**2 + 6*o - 22. Determine b(-9).
5
Let l(p) = -p**3 + 3*p**2 + 12*p - 4. Calculate l(5).
6
Let v(u) = 13*u - 343. What is v(27)?
8
Let f(n) = n**3 + 25. Determine f(0).
25
Let j(l) = -16*l - 86. What is j(-5)?
-6
Let r(k) = k**2 - 30*k + 35. Give r(29).
6
Let a(q) = -q**3 - 5*q**2 + 2*q + 4. Give a(-3).
-20
Let r(i) = i**2 - 13*i + 3. Determine r(13).
3
Let p(z) = z**2 - 2*z - 8. Give p(4).
0
Let a(c) = -c - 33. What is a(-15)?
-18
Let a(r) = -3*r**3 - 27*r**2 + r - 27. Give a(-9).
-36
Let a(t) = t**3 + 7*t**2 - 8*t - 30. Determine a(-8).
-30
Let j(a) = a**2 + a. What is j(2)?
6
Let z(k) = -k**3 + 34*k**2 + 109*k + 73. What is z(37)?
-1
Let i(c) = -64*c + 340. Calculate i(5).
20
Let k(i) = 4*i - 13. Determine k(7).
15
Let r(n) = n**3 - 2*n**2 - 5*n - 4. Calculate r(-1).
-2
Let h(d) = 4*d**2 - 16*d - 4. Calculate h(4).
-4
Let h(z) = -z**3 + 5*z**2 - 7*z + 10. Determine h(4).
-2
Let i(y) = -2*y**3 - 2*y**2 - 2*y + 4. Determine i(-3).
46
Let n(x) = -x**2 - 7*x - 5. Determine n(-3).
7
Let r(q) = 4*q**2 + 4*q + 6. Calculate r(-2).
14
Let i(j) = -j**3 - 3*j**2 + 5*j - 2. What is i(-4)?
-6
Let r(j) = 2*j**2 + 21*j + 15. Give r(-10).
5
Let z(s) = s + 11. Determine z(-16).
-5
Let n(x) = -3*x**2 + 6*x + 10. Give n(4).
-14
Let t(w) = -w**2 + 3*w + 7. What is t(4)?
3
Let z(f) = -f**2 + 19*f + 34. What is z(19)?
34
Let n(x) = -x - 21. Determine n(-5).
-16
Let h(u) = u**2 + 5*u - 4. Determine h(3).
20
Let q(h) = -h - 26. Give q(7).
-33
Let c(o) = -o + 11. Determine c(13).
-2
Let j(n) = n**2 - 6*n - 6. What is j(11)?
49
Let t(c) = c**3 + 15*c**2 - 17*c - 11. Determine t(-16).
5
Let d(b) = b - 31. What is d(11)?
-20
Let t(a) = -2*a**2 - 8*a - 8. Give t(-4).
-8
Let h(y) = -2*y - 58. What is h(-30)?
2
Let x(c) = 2*c**2 - 64*c + 27. Give x(31).
-35
Let l(u) = -u**2 - 8*u + 11. Calculate l(-9).
2
Let a(l) = l**3 - 5*l**2 + 3*l + 4. Calculate a(3).
-5
Let f(r) = -r**2 - 8*r + 29. Calculate f(-11).
-4
Let d(v) = -6*v**3 + v**2 + 3. Give d(-2).
55
Let a(t) = 5*t + 1. Calculate a(4).
21
Let x(n) = n**3 + 8*n**2 + 5*n + 9. What is x(-7)?
23
Let m(t) = 5*t - 20. Determine m(-6).
-50
Let c(w) = -2*w**2 - 32*w - 103. Determine c(-11).
7
Let a(m) = 2*m**2 + 33*m + 19. Give a(-16).
3
Let t(x) = -x**3 - 2*x**2 + 6*x - 1. Give t(-4).
7
Let b(i) = -i**3 - 7*i**2 + 2*i + 6. Determine b(-7).
-8
Let l(f) = -f**3 - 6*f**2 + 2*f + 5. What is l(-6)?
-7
Let x(i) = -i**3 + 5*i**2 + 6*i - 10. Determine x(6).
-10
Let y(c) = -c**3 - 6*c**2 + 3*c + 22. What is y(-6)?
4
Let w(a) = -7*a + 17. What is w(10)?
-53
Let g(i) = 2*i**2 - 3*i - 6. Give g(-4).
38
Let r(v) = 2*v**3 + 13*v**2 - 13*v - 8. What is r(-7)?
34
Let r(i) = -8*i + 164. Determine r(19).
12
Let w(v) = 3*v**2 - 27*v + 26. Give w(8).
2
Let t(p) = -p**3 + 10*p**2 + 32*p - 88. What is t(12)?
8
Let u(z) = z**3 - z**2 + z + 1. Calculate u(2).
7
Let t(h) = -h**3 - 3*h**2 - 6*h - 4. Determine t(-4).
36
Let l(u) = u**3 + 6*u**2 + 7*u + 39. Calculate l(-6).
-3
Let h(g) = -3*g**3 + 2*g**2 + g + 3. Calculate h(3).
-57
Let g(y) = -y**2 + 12*y - 10. Determine g(13).
-23
Let g(v) = -v**2 - 21*v - 102. Determine g(-9).
6
Let c(g) = -g**3 + 10*g**2 - 9*g. Give c(9).
0
Let j(l) = -l**2 + 15*l - 40. Determine j(17).
-74
Let q(d) = 68*d - 3. What is q(1)?
65
Let x(f) = f + 9. Calculate x(8).
17
Let w(x) = -92*x**3 + x**2 - 1. What is w(-1)?
92
Let s(h) = -h**2 - 19*h + 73. Calculate s(-24).
-47
Let z(x) = x**3 + 9*x**2 + 5*x + 10. What is z(-9)?
-35
Let j(p) = -2*p**2 + 12*p + 27. Give j(8).
-5
Let s(n) = n**3 + 14*n**2 - 15*n - 6. Give s(-15).
-6
Let j(t) = 2*t**2 + 2*t - 13. Calculate j(-4).
11
Let b(s) = -s + 15. What is b(0)?
15
Let i(w) = -w**2 + 2*w - 14. What is i(-9)?
-113
Let t(d)